{"id":15882,"date":"2026-04-09T14:53:04","date_gmt":"2026-04-09T12:53:04","guid":{"rendered":"https:\/\/www.mueblesnebra.com\/sofas-en-zaragoza\/?page_id=15882"},"modified":"2026-04-09T14:53:04","modified_gmt":"2026-04-09T12:53:04","slug":"pemi","status":"publish","type":"page","link":"https:\/\/www.mueblesnebra.com\/sofas-en-zaragoza\/marcas\/pemi\/","title":{"rendered":"Pemi"},"content":{"rendered":"<div class=\"wpb-content-wrapper\"><p>[vc_row full_width=\u00bbstretch_row_content\u00bb css_animation=\u00bbnone\u00bb css=\u00bb.vc_custom_1771496601406{margin-bottom: 0px !important;padding-bottom: 0px !important;background-image: url(http:\/\/www.mueblesnebra.com\/sofas-en-zaragoza\/wp-content\/uploads\/sites\/2\/2026\/02\/tienda-de-sofas-cama-de-ibercam.webp?id=15722) !important;background-position: center !important;background-repeat: no-repeat !important;background-size: cover !important;}\u00bb][vc_column][vc_row_inner gap=\u00bb35&#8243; css=\u00bb.vc_custom_1718355471939{padding-right: 5px !important;padding-left: 5px !important;}\u00bb][vc_column_inner width=\u00bb1\/6&#8243;][\/vc_column_inner][vc_column_inner width=\u00bb2\/3&#8243;][vc_column_text css=\u00bb.vc_custom_1775737288357{margin-right: 10px !important;margin-left: 10px !important;}\u00bb]<\/p>\n<h1 style=\"text-align: center;\"><strong><span style=\"color: #ffffff; text-shadow: 4px 4px 4px #333;\">Mesas y sillas Pemi en Zaragoza<\/span><\/strong><\/h1>\n<p style=\"text-align: center;\"><strong><span style=\"color: #ffffff; text-shadow: 4px 4px 4px #333;\">En nuestra tienda en Zaragoza puedes encontrar una selecci\u00f3n de mesas y sillas Pemi, una marca especializada en mobiliario funcional para comedor y cocina, con dise\u00f1os actuales y m\u00faltiples opciones de personalizaci\u00f3n.<\/span><\/strong><\/p>\n<p style=\"text-align: center;\"><strong><span style=\"color: #ffffff; text-shadow: 4px 4px 4px #333;\">Soluciones pr\u00e1cticas para el d\u00eda a d\u00eda, combinando estructuras resistentes con acabados modernos que se adaptan a distintos estilos de vivienda.<\/span><\/strong><\/p>\n<p>[\/vc_column_text][vc_empty_space height=\u00bb100px\u00bb el_class=\u00bbdisplay-none\u00bb][vc_btn title=\u00bbCONT\u00c1CTANOS\u00bb style=\u00bbcustom\u00bb custom_background=\u00bb#ffa400&#8243; custom_text=\u00bb#ffffff\u00bb shape=\u00bbsquare\u00bb align=\u00bbcenter\u00bb css_animation=\u00bbnone\u00bb css=\u00bb.vc_custom_1733132933932{padding-right: 20px !important;}\u00bb link=\u00bburl:https%3A%2F%2Fwww.mueblesnebra.com%2Fsofas-en-zaragoza%2Fcontacto%2F\u00bb][\/vc_column_inner][vc_column_inner width=\u00bb1\/6&#8243;][\/vc_column_inner][\/vc_row_inner][vc_empty_space height=\u00bb150px\u00bb el_class=\u00bbdisplay-none\u00bb][vc_empty_space height=\u00bb100px\u00bb][\/vc_column][\/vc_row][vc_row full_width=\u00bbstretch_row_content\u00bb][vc_column][vc_row_inner][vc_column_inner width=\u00bb2\/4&#8243;][vc_column_text]<\/p>\n<p style=\"text-align: left;\"><nav aria-label=\"breadcrumbs\" class=\"rank-math-breadcrumb\"><p><span class=\"last\">Inicio<\/span><\/p><\/nav><\/p>\n<p>[\/vc_column_text][\/vc_column_inner][vc_column_inner width=\u00bb1\/4&#8243;][\/vc_column_inner][vc_column_inner width=\u00bb1\/4&#8243;][\/vc_column_inner][\/vc_row_inner][\/vc_column][\/vc_row][vc_row full_width=\u00bbstretch_row_content\u00bb][vc_column width=\u00bb1\/2&#8243;][vc_column_text css=\u00bb.vc_custom_1775737314459{padding-right: 50px !important;padding-left: 50px !important;}\u00bb]<\/p>\n<h2 style=\"text-align: center;\"><span style=\"color: #ff9900; font-size: 24pt;\">Nuestro cat\u00e1logo de mesas y sillas Pemi<\/span><\/h2>\n<p>[\/vc_column_text][vc_column_text css=\u00bb\u00bb]El cat\u00e1logo de mesas y sillas Pemi incluye una amplia variedad de modelos pensados para diferentes usos, desde mesas de comedor hasta soluciones m\u00e1s compactas para cocina. Si te pasas por nuestras tiendas podr\u00e1s encontrar:<\/p>\n<ul>\n<li><strong>Mesas fijas y extensibles<\/strong><\/li>\n<li>Diferentes <strong>formatos<\/strong> (rectangulares, cuadradas, redondas)<\/li>\n<li><strong>Tableros en distintos materiales y acabados<\/strong><\/li>\n<li><strong>Sillas combinables con diferentes estructuras<\/strong> y tapizados<\/li>\n<\/ul>\n<p>Con esto, podr\u00e1s configurar <strong>conjuntos completos<\/strong> de mesas Pemi con sus sillas, adaptando cada elecci\u00f3n a lo que tengas disponible en casa y al uso diario.[\/vc_column_text][vc_btn title=\u00bbNuestras Tiendas\u00bb style=\u00bbcustom\u00bb custom_background=\u00bb#ffa400&#8243; custom_text=\u00bb#ffffff\u00bb shape=\u00bbsquare\u00bb align=\u00bbcenter\u00bb css_animation=\u00bbnone\u00bb css=\u00bb.vc_custom_1771494664589{padding-right: 20px !important;}\u00bb link=\u00bburl:https%3A%2F%2Fwww.mueblesnebra.com%2Fnuestras-tiendas%2F\u00bb][\/vc_column][vc_column width=\u00bb1\/2&#8243;][vc_single_image image=\u00bb15887&#8243; img_size=\u00bbfull\u00bb alignment=\u00bbcenter\u00bb css=\u00bb\u00bb][\/vc_column][\/vc_row][vc_row full_width=\u00bbstretch_row_content_no_spaces\u00bb css=\u00bb.vc_custom_1721117250766{margin-bottom: 0px !important;padding-bottom: 0px !important;}\u00bb][vc_column width=\u00bb1\/6&#8243;][\/vc_column][vc_column width=\u00bb2\/3&#8243;][vc_column_text css=\u00bb.vc_custom_1775737428565{padding-right: 50px !important;padding-left: 50px !important;}\u00bb]<\/p>\n<h2 style=\"text-align: center;\"><span style=\"color: #ff9900; font-size: 24pt;\">Mesas Pemi<\/span><\/h2>\n<p style=\"text-align: center;\">Todas las mesas Pemi est\u00e1n <strong>disponibles bajo cat\u00e1logo<\/strong>, pero estas son algunas de las m\u00e1s destacadas por dise\u00f1o y funcionalidad.<\/p>\n<p>[\/vc_column_text][vc_row_inner][vc_column_inner width=\u00bb1\/2&#8243;][vc_column_text css=\u00bb.vc_custom_1775737606762{padding-right: 50px !important;padding-left: 50px !important;}\u00bb]<\/p>\n<h3 style=\"text-align: left;\"><span style=\"color: #ff9900; font-size: 18pt;\">Long Way<\/span><\/h3>\n<p>Una mesa <strong>multifuncional de centro convertible<\/strong> para tu sal\u00f3n o cocina, con un pie de madera y sobre extensible con una chapa natural o melamina, a tu elecci\u00f3n. El canto puede ser redondo o recto. La mesa Long Way adem\u00e1s de \u00fatil y compacta, es est\u00e9ticamente limpia y moderna.[\/vc_column_text][\/vc_column_inner][vc_column_inner width=\u00bb1\/2&#8243;][vc_column_text css=\u00bb.vc_custom_1775737665437{padding-right: 50px !important;padding-left: 50px !important;}\u00bb]<\/p>\n<h3 style=\"text-align: left;\"><span style=\"color: #ff9900; font-size: 18pt;\">Olimpo<\/span><\/h3>\n<p>La mea Olimpo es principalmente para <strong>comedor<\/strong>, con un pie central met\u00e1lico y <strong>extensible,<\/strong> con apertura y un cierre autom\u00e1tico. La tapa tambi\u00e9n puede ser de melamina o de chapas naturales.[\/vc_column_text][\/vc_column_inner][\/vc_row_inner][vc_row_inner][vc_column_inner width=\u00bb1\/2&#8243;][vc_column_text css=\u00bb.vc_custom_1775737749958{padding-right: 50px !important;padding-left: 50px !important;}\u00bb]<\/p>\n<h3 style=\"text-align: left;\"><span style=\"color: #ff9900; font-size: 18pt;\">Tema<\/span><\/h3>\n<p>Otro modelo <strong>extensible, por 1 o ambos lados<\/strong> y con una pata met\u00e1lica. Dentro de las mesas Pemi esta est\u00e1 m\u00e1s orientada a espacios funcionales, con un dise\u00f1o algo m\u00e1s pr\u00e1ctico que facilita su uso.[\/vc_column_text][\/vc_column_inner][vc_column_inner width=\u00bb1\/2&#8243;][vc_column_text css=\u00bb.vc_custom_1775737843269{padding-right: 50px !important;padding-left: 50px !important;}\u00bb]<\/p>\n<h3 style=\"text-align: left;\"><span style=\"color: #ff9900; font-size: 18pt;\">Sonia<\/span><\/h3>\n<p>Sonia ofrece una <strong>est\u00e9tica m\u00e1s ligera<\/strong> dentro del cat\u00e1logo de mesas y sillas Pemi, con una forma rectangular y la tapa de cristal, adem\u00e1s patas de madera. Es una mesa vers\u00e1til que permite combinarse f\u00e1cilmente con distintos modelos de sillas.[\/vc_column_text][\/vc_column_inner][\/vc_row_inner][vc_row_inner][vc_column_inner][vc_masonry_media_grid element_width=\u00bb6&#8243; css=\u00bb\u00bb initial_loading_animation=\u00bbnone\u00bb grid_id=\u00bbvc_gid:1775739105214-36d8b103-40da-8&#8243; include=\u00bb15876,15875,15874,15873&#8243;][\/vc_column_inner][\/vc_row_inner][\/vc_column][vc_column width=\u00bb1\/6&#8243;][\/vc_column][\/vc_row][vc_row full_width=\u00bbstretch_row_content_no_spaces\u00bb css=\u00bb.vc_custom_1721117250766{margin-bottom: 0px !important;padding-bottom: 0px !important;}\u00bb][vc_column width=\u00bb1\/6&#8243;][\/vc_column][vc_column width=\u00bb2\/3&#8243;][vc_column_text css=\u00bb.vc_custom_1775738091148{padding-right: 50px !important;padding-left: 50px !important;}\u00bb]<\/p>\n<h2 style=\"text-align: center;\"><span style=\"color: #ff9900; font-size: 24pt;\">Sillas Pemi disponibles<\/span><\/h2>\n<p style=\"text-align: center;\">Trabajamos todo el cat\u00e1logo de sillas Pemi, pero estas son algunas de las m\u00e1s destacadas por dise\u00f1o, comodidad y facilidad de combinaci\u00f3n.<\/p>\n<p>[\/vc_column_text][vc_row_inner][vc_column_inner width=\u00bb1\/2&#8243;][vc_column_text css=\u00bb.vc_custom_1775738190730{padding-right: 50px !important;padding-left: 50px !important;}\u00bb]<\/p>\n<h3 style=\"text-align: left;\"><span style=\"color: #ff9900; font-size: 18pt;\">Nova<\/span><\/h3>\n<p>Opci\u00f3n equilibrada con un dise\u00f1o <strong>c\u00f3modo y adaptable<\/strong> a diferentes tipos de mesa. Silla con <strong>pata met\u00e1lica<\/strong>, y un asiento y respaldo con <strong>tapizado curvado<\/strong>, siendo una de las m\u00e1s utilizadas dentro de los muebles Pemi por su versatilidad.[\/vc_column_text][\/vc_column_inner][vc_column_inner width=\u00bb1\/2&#8243;][vc_column_text css=\u00bb.vc_custom_1775738244629{padding-right: 50px !important;padding-left: 50px !important;}\u00bb]<\/p>\n<h3 style=\"text-align: left;\"><span style=\"color: #ff9900; font-size: 18pt;\">Lora<\/span><\/h3>\n<p>Lora destaca por su dise\u00f1o m\u00e1s <strong>estilizado<\/strong>, aportando un toque m\u00e1s <strong>ligero<\/strong> al conjunto. Es ideal para combinar con mesas modernas y espacios donde se busca una est\u00e9tica m\u00e1s limpia. Tambi\u00e9n tiene un <strong>tapizado curvado<\/strong> y una estructura met\u00e1lica.[\/vc_column_text][\/vc_column_inner][\/vc_row_inner][vc_row_inner][vc_column_inner width=\u00bb1\/2&#8243;][vc_column_text css=\u00bb.vc_custom_1775738318949{padding-right: 50px !important;padding-left: 50px !important;}\u00bb]<\/p>\n<h3 style=\"text-align: left;\"><span style=\"color: #ff9900; font-size: 18pt;\">Magic<\/span><\/h3>\n<p>Fabricada con madera de haya, es perfecta para un uso intensivo, siendo resistente y c\u00f3moda. Es una <strong>opci\u00f3n pr\u00e1ctica<\/strong> dentro del cat\u00e1logo de sillas Pemi, especialmente en cocinas o zonas de uso diario.[\/vc_column_text][\/vc_column_inner][vc_column_inner width=\u00bb1\/2&#8243;][vc_column_text css=\u00bb.vc_custom_1775738380433{padding-right: 50px !important;padding-left: 50px !important;}\u00bb]<\/p>\n<h3 style=\"text-align: left;\"><span style=\"color: #ff9900; font-size: 18pt;\">Venus<\/span><\/h3>\n<p>Aporta un <strong>dise\u00f1o m\u00e1s envolvente<\/strong>, con un mayor nivel de confort, por lo que es una buena opci\u00f3n para comedores donde se busca una silla m\u00e1s c\u00f3moda. Tambi\u00e9n fabricada con madera de haya y un respaldo y asiento tapizado.[\/vc_column_text][\/vc_column_inner][\/vc_row_inner][vc_row_inner][vc_column_inner][vc_masonry_media_grid element_width=\u00bb6&#8243; css=\u00bb\u00bb initial_loading_animation=\u00bbnone\u00bb grid_id=\u00bbvc_gid:1775739105217-bb238de4-5329-5&#8243; include=\u00bb15881,15880,15879,15878&#8243;][\/vc_column_inner][\/vc_row_inner][\/vc_column][vc_column width=\u00bb1\/6&#8243;][\/vc_column][\/vc_row][vc_row][vc_column][vc_empty_space height=\u00bb50px\u00bb][\/vc_column][\/vc_row][vc_row full_width=\u00bbstretch_row_content\u00bb][vc_column width=\u00bb1\/2&#8243;][vc_column_text css=\u00bb.vc_custom_1775738674955{padding-right: 50px !important;padding-left: 50px !important;}\u00bb]<\/p>\n<h2 style=\"text-align: left;\"><span style=\"color: #ff9900; font-size: 24pt;\">Tambi\u00e9n tenemos las mesas de centro de Pemi<\/span><\/h2>\n<p>[\/vc_column_text][vc_column_text css=\u00bb\u00bb]Adem\u00e1s de mesas de comedor, el cat\u00e1logo incluye mesas de centro que permiten completar el espacio del sal\u00f3n manteniendo el mismo estilo.<\/p>\n<p>Las mesas Pemi en formato centro est\u00e1n dise\u00f1adas para combinar con el resto del mobiliario, ofreciendo soluciones pr\u00e1cticas y coherentes dentro del conjunto del sal\u00f3n.[\/vc_column_text][vc_tta_accordion section_title_tag=\u00bbh2&#8243; active_section=\u00bb2000000000000&#8243; collapsible_all=\u00bbtrue\u00bb][vc_tta_section title=\u00bbPacks de mesas y sillas Pemi\u00bb tab_id=\u00bb1775738724207-75f99ec7-d9d4&#8243;][vc_column_text css=\u00bb\u00bb]Trabajamos diferentes combinaciones de mesas y sillas Pemi en formato pack, lo que permite elegir conjuntos ya pensados para funcionar bien tanto a nivel est\u00e9tico como funcional.<\/p>\n<p>Est\u00e1n disponibles todos sus packs, incluyendo opciones como la mesa C\u00f3ndor con sus sillas, que permiten montar un comedor completo de forma sencilla, asegurando compatibilidad en dise\u00f1o, medidas y uso. Tambi\u00e9n est\u00e1n a tu disposici\u00f3n el resto de packs:<\/p>\n<ol>\n<li>Bou.<\/li>\n<li>Zahor\u00ed<\/li>\n<li>Vinca<\/li>\n<li>Roma<\/li>\n<li>Mon<\/li>\n<li>Hiedra<\/li>\n<li>Evora<\/li>\n<li>Elsa<\/li>\n<li>Arco<\/li>\n<\/ol>\n<p>[\/vc_column_text][\/vc_tta_section][\/vc_tta_accordion][\/vc_column][vc_column width=\u00bb1\/2&#8243;][vc_single_image image=\u00bb15877&#8243; img_size=\u00bbfull\u00bb alignment=\u00bbcenter\u00bb css=\u00bb\u00bb][\/vc_column][\/vc_row][vc_row full_width=\u00bbstretch_row_content\u00bb][vc_column width=\u00bb1\/6&#8243;][\/vc_column][vc_column width=\u00bb2\/3&#8243;][vc_column_text css=\u00bb.vc_custom_1775738853851{padding-right: 50px !important;padding-left: 50px !important;}\u00bb]<\/p>\n<h2 style=\"text-align: center;\"><span style=\"color: #ff9900; font-size: 24pt;\">Todas las mesas y sillas de la marca Pemi ya en Zaragoza<\/span><\/h2>\n<p>[\/vc_column_text][vc_column_text css=\u00bb\u00bb]<\/p>\n<p style=\"text-align: center;\">En nuestra tienda puedes ver distintas opciones del cat\u00e1logo de mesas y sillas Pemi, <strong>comparar modelos y elegir la combinaci\u00f3n que mejor encaje en tu espacio<\/strong>. Trabajamos tanto mesas como sillas de forma individual o en conjunto, ayud\u00e1ndote a configurar el comedor seg\u00fan tus necesidades reales.<\/p>\n<p style=\"text-align: center;\">Si est\u00e1s buscando mesas y sillas Pemi en Zaragoza, <strong>puedes visitarnos<\/strong> y ver diferentes configuraciones antes de tomar una decisi\u00f3n, adaptando el conjunto a tu estilo y al uso que le vayas a dar.<\/p>\n<p>[\/vc_column_text][vc_btn title=\u00bbNuestras Tiendas\u00bb style=\u00bbcustom\u00bb custom_background=\u00bb#ffa400&#8243; custom_text=\u00bb#ffffff\u00bb shape=\u00bbsquare\u00bb align=\u00bbcenter\u00bb css_animation=\u00bbnone\u00bb css=\u00bb.vc_custom_1771494664589{padding-right: 20px !important;}\u00bb link=\u00bburl:https%3A%2F%2Fwww.mueblesnebra.com%2Fnuestras-tiendas%2F\u00bb][\/vc_column][vc_column width=\u00bb1\/6&#8243;][\/vc_column][\/vc_row]<\/p>\n<\/div>","protected":false},"excerpt":{"rendered":"<p>[vc_row full_width=\u00bbstretch_row_content\u00bb css_animation=\u00bbnone\u00bb css=\u00bb.vc_custom_1771496601406{margin-bottom: 0px !important;padding-bottom: 0px !important;background-image: url(http:\/\/www.mueblesnebra.com\/sofas-en-zaragoza\/wp-content\/uploads\/sites\/2\/2026\/02\/tienda-de-sofas-cama-de-ibercam.webp?id=15722) !important;background-position: center !important;background-repeat: no-repeat !important;background-size: cover !important;}\u00bb][vc_column][vc_row_inner gap=\u00bb35&#8243; css=\u00bb.vc_custom_1718355471939{padding-right: 5px !important;padding-left: 5px !important;}\u00bb][vc_column_inner width=\u00bb1\/6&#8243;][\/vc_column_inner][vc_column_inner width=\u00bb2\/3&#8243;][vc_column_text css=\u00bb.vc_custom_1775737288357{margin-right: 10px !important;margin-left: 10px !important;}\u00bb] Mesas y sillas Pemi en Zaragoza En nuestra tienda en Zaragoza puedes encontrar una selecci\u00f3n de mesas y sillas Pemi, una marca especializada en mobiliario funcional [&hellip;]<\/p>\n","protected":false},"author":395,"featured_media":0,"parent":15656,"menu_order":0,"comment_status":"closed","ping_status":"closed","template":"","meta":{"_genesis_hide_title":false,"_genesis_hide_breadcrumbs":false,"_genesis_hide_singular_image":false,"_genesis_hide_footer_widgets":false,"_genesis_custom_body_class":"","_genesis_custom_post_class":"","_genesis_layout":"","footnotes":""},"class_list":{"0":"post-15882","1":"page","2":"type-page","3":"status-publish","5":"entry"},"_links":{"self":[{"href":"https:\/\/www.mueblesnebra.com\/sofas-en-zaragoza\/wp-json\/wp\/v2\/pages\/15882","targetHints":{"allow":["GET"]}}],"collection":[{"href":"https:\/\/www.mueblesnebra.com\/sofas-en-zaragoza\/wp-json\/wp\/v2\/pages"}],"about":[{"href":"https:\/\/www.mueblesnebra.com\/sofas-en-zaragoza\/wp-json\/wp\/v2\/types\/page"}],"author":[{"embeddable":true,"href":"https:\/\/www.mueblesnebra.com\/sofas-en-zaragoza\/wp-json\/wp\/v2\/users\/395"}],"replies":[{"embeddable":true,"href":"https:\/\/www.mueblesnebra.com\/sofas-en-zaragoza\/wp-json\/wp\/v2\/comments?post=15882"}],"version-history":[{"count":9,"href":"https:\/\/www.mueblesnebra.com\/sofas-en-zaragoza\/wp-json\/wp\/v2\/pages\/15882\/revisions"}],"predecessor-version":[{"id":15895,"href":"https:\/\/www.mueblesnebra.com\/sofas-en-zaragoza\/wp-json\/wp\/v2\/pages\/15882\/revisions\/15895"}],"up":[{"embeddable":true,"href":"https:\/\/www.mueblesnebra.com\/sofas-en-zaragoza\/wp-json\/wp\/v2\/pages\/15656"}],"wp:attachment":[{"href":"https:\/\/www.mueblesnebra.com\/sofas-en-zaragoza\/wp-json\/wp\/v2\/media?parent=15882"}],"curies":[{"name":"wp","href":"https:\/\/api.w.org\/{rel}","templated":true}]}}