{"id":15858,"date":"2026-04-09T13:49:41","date_gmt":"2026-04-09T11:49:41","guid":{"rendered":"https:\/\/www.mueblesnebra.com\/sofas-en-zaragoza\/?page_id=15858"},"modified":"2026-04-09T13:49:41","modified_gmt":"2026-04-09T11:49:41","slug":"pedro-ortiz","status":"publish","type":"page","link":"https:\/\/www.mueblesnebra.com\/sofas-en-zaragoza\/marcas\/pedro-ortiz\/","title":{"rendered":"Pedro Ortiz"},"content":{"rendered":"<div class=\"wpb-content-wrapper\"><p>[vc_row full_width=\u00bbstretch_row_content\u00bb css_animation=\u00bbnone\u00bb css=\u00bb.vc_custom_1771496601406{margin-bottom: 0px !important;padding-bottom: 0px !important;background-image: url(http:\/\/www.mueblesnebra.com\/sofas-en-zaragoza\/wp-content\/uploads\/sites\/2\/2026\/02\/tienda-de-sofas-cama-de-ibercam.webp?id=15722) !important;background-position: center !important;background-repeat: no-repeat !important;background-size: cover !important;}\u00bb][vc_column][vc_row_inner gap=\u00bb35&#8243; css=\u00bb.vc_custom_1718355471939{padding-right: 5px !important;padding-left: 5px !important;}\u00bb][vc_column_inner width=\u00bb1\/6&#8243;][\/vc_column_inner][vc_column_inner width=\u00bb2\/3&#8243;][vc_column_text css=\u00bb.vc_custom_1775733267143{margin-right: 10px !important;margin-left: 10px !important;}\u00bb]<\/p>\n<h1 style=\"text-align: center;\"><strong><span style=\"color: #ffffff; text-shadow: 4px 4px 4px #333;\">Sof\u00e1s Pedro Ortiz en Zaragoza<\/span><\/strong><\/h1>\n<p style=\"text-align: center;\"><strong><span style=\"color: #ffffff; text-shadow: 4px 4px 4px #333;\">En Muebles Nebra puedes encontrar una selecci\u00f3n de sof\u00e1s de Pedro Ortiz en Zaragoza, una marca reconocida por su dise\u00f1o, calidad de materiales y variedad de mecanismos adaptados al uso diario. Los modelos de Pedro Ortiz destacan por combinar est\u00e9tica contempor\u00e1nea con soluciones funcionales, permitiendo elegir entre diferentes configuraciones seg\u00fan el espacio y el tipo de descanso.<\/span><\/strong><\/p>\n<p style=\"text-align: center;\"><strong><span style=\"color: #ffffff; text-shadow: 4px 4px 4px #333;\">Aqu\u00ed podr\u00e1s ver distintas opciones en funci\u00f3n de estructura, tapizado y tipo de mecanismo y si tienes alguna pregunta, no dudes en llamarnos o visitarnos.<\/span><\/strong><\/p>\n<p>[\/vc_column_text][vc_empty_space height=\u00bb100px\u00bb el_class=\u00bbdisplay-none\u00bb][vc_btn title=\u00bbCONT\u00c1CTANOS\u00bb style=\u00bbcustom\u00bb custom_background=\u00bb#ffa400&#8243; custom_text=\u00bb#ffffff\u00bb shape=\u00bbsquare\u00bb align=\u00bbcenter\u00bb css_animation=\u00bbnone\u00bb css=\u00bb.vc_custom_1733132933932{padding-right: 20px !important;}\u00bb link=\u00bburl:https%3A%2F%2Fwww.mueblesnebra.com%2Fsofas-en-zaragoza%2Fcontacto%2F\u00bb][\/vc_column_inner][vc_column_inner width=\u00bb1\/6&#8243;][\/vc_column_inner][\/vc_row_inner][vc_empty_space height=\u00bb150px\u00bb el_class=\u00bbdisplay-none\u00bb][vc_empty_space height=\u00bb100px\u00bb][\/vc_column][\/vc_row][vc_row full_width=\u00bbstretch_row_content\u00bb][vc_column][vc_row_inner][vc_column_inner width=\u00bb2\/4&#8243;][vc_column_text]<\/p>\n<p style=\"text-align: left;\"><nav aria-label=\"breadcrumbs\" class=\"rank-math-breadcrumb\"><p><span class=\"last\">Inicio<\/span><\/p><\/nav><\/p>\n<p>[\/vc_column_text][\/vc_column_inner][vc_column_inner width=\u00bb1\/4&#8243;][\/vc_column_inner][vc_column_inner width=\u00bb1\/4&#8243;][\/vc_column_inner][\/vc_row_inner][\/vc_column][\/vc_row][vc_row full_width=\u00bbstretch_row_content\u00bb][vc_column width=\u00bb1\/6&#8243;][\/vc_column][vc_column width=\u00bb2\/3&#8243;][vc_column_text css=\u00bb.vc_custom_1775733633669{padding-right: 50px !important;padding-left: 50px !important;}\u00bb]<\/p>\n<h2 style=\"text-align: center;\"><span style=\"color: #ff9900; font-size: 24pt;\">Amplio cat\u00e1logo de sof\u00e1s Pedro Ortiz<\/span><\/h2>\n<p>[\/vc_column_text][vc_column_text css=\u00bb\u00bb]El cat\u00e1logo de sof\u00e1s de Pedro Ortiz incluye una <strong>amplia variedad de modelos pensados para diferentes necesidades<\/strong>. No se trata de un \u00fanico tipo de sof\u00e1, sino de distintas soluciones que se adaptan al uso real del sal\u00f3n, por lo que dentro del cat\u00e1logo encontrar\u00e1s:<\/p>\n<ul>\n<li>Sof\u00e1s <strong>relax,<\/strong> ideales para quienes buscan mayor comodidad en el d\u00eda a d\u00eda.<\/li>\n<li>Sof\u00e1s <strong>deslizantes y deslizantes al suelo <\/strong>para ganar profundidad de asiento sin ocupar m\u00e1s espacio fijo.<\/li>\n<li>Sof\u00e1s <strong>fijos,<\/strong> con l\u00edneas m\u00e1s limpias y una est\u00e9tica m\u00e1s estructurada.<\/li>\n<li>Sof\u00e1s <strong>cama,<\/strong> orientados a un uso pr\u00e1ctico sin renunciar al dise\u00f1o.<\/li>\n<\/ul>\n<p>Con todas estas opciones podr\u00e1s elegir el que m\u00e1s te guste seg\u00fan el tipo de uso, el espacio disponible y el nivel de confort que buscas.[\/vc_column_text][vc_masonry_media_grid css=\u00bb\u00bb initial_loading_animation=\u00bbnone\u00bb grid_id=\u00bbvc_gid:1775734456001-d7bc4929-07d0-9&#8243; include=\u00bb15867,15866,15865&#8243;][\/vc_column][vc_column width=\u00bb1\/6&#8243;][\/vc_column][\/vc_row][vc_row full_width=\u00bbstretch_row_content_no_spaces\u00bb css=\u00bb.vc_custom_1721117250766{margin-bottom: 0px !important;padding-bottom: 0px !important;}\u00bb][vc_column width=\u00bb1\/6&#8243;][\/vc_column][vc_column width=\u00bb2\/3&#8243;][vc_column_text css=\u00bb.vc_custom_1775733722685{padding-right: 50px !important;padding-left: 50px !important;}\u00bb]<\/p>\n<h2 style=\"text-align: center;\"><span style=\"color: #ff9900; font-size: 24pt;\">A tu disposici\u00f3n los sof\u00e1s de Pedro Ortiz m\u00e1s destacables<\/span><\/h2>\n<p>[\/vc_column_text][vc_column_text css=\u00bb.vc_custom_1771485784386{padding-right: 50px !important;padding-left: 50px !important;}\u00bb]<\/p>\n<p style=\"text-align: center;\">En Muebles Nebra somos distribuidores de la marca, por lo que disponemos de una gran variedad de sof\u00e1s de Suinta, cubriendo distintos tipos de salones y usos, tanto si es para un sal\u00f3n peque\u00f1o como para un espacio amplio o una vivienda donde el sof\u00e1 se vaya a usar mucho.<\/p>\n<p>[\/vc_column_text][vc_btn title=\u00bbNuestras Tiendas\u00bb style=\u00bbcustom\u00bb custom_background=\u00bb#ffa400&#8243; custom_text=\u00bb#ffffff\u00bb shape=\u00bbsquare\u00bb align=\u00bbcenter\u00bb css_animation=\u00bbnone\u00bb css=\u00bb.vc_custom_1771494664589{padding-right: 20px !important;}\u00bb link=\u00bburl:https%3A%2F%2Fwww.mueblesnebra.com%2Fnuestras-tiendas%2F\u00bb][vc_row_inner][vc_column_inner width=\u00bb1\/2&#8243;][vc_column_text css=\u00bb.vc_custom_1775733809174{padding-right: 50px !important;padding-left: 50px !important;}\u00bb]<\/p>\n<h3 style=\"text-align: left;\"><span style=\"color: #ff9900; font-size: 18pt;\">Olga<\/span><\/h3>\n<p>El modelo Olga es un sof\u00e1 pensado para ofrecer <strong>comodidad<\/strong> sin perder una est\u00e9tica actual. Su dise\u00f1o permite integrarse f\u00e1cilmente en diferentes estilos de sal\u00f3n, combinando proporciones equilibradas con opciones de personalizaci\u00f3n.[\/vc_column_text][\/vc_column_inner][vc_column_inner width=\u00bb1\/2&#8243;][vc_column_text css=\u00bb.vc_custom_1775733799355{padding-right: 50px !important;padding-left: 50px !important;}\u00bb]<\/p>\n<h3 style=\"text-align: left;\"><span style=\"color: #ff9900; font-size: 18pt;\">Cinthia<\/span><\/h3>\n<p>El sof\u00e1 <strong>deslizante<\/strong> Cinthia destaca por su dise\u00f1o m\u00e1s ligero, con l\u00edneas que aportan sensaci\u00f3n de amplitud en el sal\u00f3n. Es un modelo pensado para espacios donde se busca equilibrio entre est\u00e9tica y funcionalidad.[\/vc_column_text][\/vc_column_inner][\/vc_row_inner][vc_row_inner][vc_column_inner width=\u00bb1\/2&#8243;][vc_column_text css=\u00bb.vc_custom_1775733846959{padding-right: 50px !important;padding-left: 50px !important;}\u00bb]<\/p>\n<h3 style=\"text-align: left;\"><span style=\"color: #ff9900; font-size: 18pt;\">Vivian<\/span><\/h3>\n<p>Vivian ofrece una combinaci\u00f3n entre dise\u00f1o y comodidad, adapt\u00e1ndose tanto a <strong>configuraciones m\u00e1s modernas como a espacios m\u00e1s neutros<\/strong>. Permite diferentes configuraciones seg\u00fan el tama\u00f1o del sal\u00f3n y adem\u00e1s, es deslizante.[\/vc_column_text][\/vc_column_inner][vc_column_inner width=\u00bb1\/2&#8243;][vc_column_text css=\u00bb.vc_custom_1775733886463{padding-right: 50px !important;padding-left: 50px !important;}\u00bb]<\/p>\n<h3 style=\"text-align: left;\"><span style=\"color: #ff9900; font-size: 18pt;\">Michigan<\/span><\/h3>\n<p><strong>Sof\u00e1 fijo amplio con bastante presencia<\/strong>. Su estructura y proporciones lo convierten en una opci\u00f3n adecuada para salones m\u00e1s amplios.[\/vc_column_text][\/vc_column_inner][\/vc_row_inner][vc_row_inner][vc_column_inner width=\u00bb1\/2&#8243;][vc_column_text css=\u00bb.vc_custom_1775733943917{padding-right: 50px !important;padding-left: 50px !important;}\u00bb]<\/p>\n<h3 style=\"text-align: left;\"><span style=\"color: #ff9900; font-size: 18pt;\">Dino<\/span><\/h3>\n<p>Dino es un <strong>modelo relax<\/strong> m\u00e1s orientado al confort, con opciones de mecanismos que permiten ajustar la posici\u00f3n del asiento. Es una buena opci\u00f3n dentro de los sof\u00e1s de Pedro Ortiz para quienes priorizan el descanso.[\/vc_column_text][\/vc_column_inner][vc_column_inner width=\u00bb1\/2&#8243;][vc_column_text css=\u00bb.vc_custom_1775734048559{padding-right: 50px !important;padding-left: 50px !important;}\u00bb]<\/p>\n<h3 style=\"text-align: left;\"><span style=\"color: #ff9900; font-size: 18pt;\">B\u00e1ltico<\/span><\/h3>\n<p>Uno de los mejores <strong>sof\u00e1s cama<\/strong> de sus cat\u00e1logos, pudiendo desplegarse por completo lo que lo hace ideal, si hace falta, para usarlo a diario. Perfecto tambi\u00e9n si necesitas cama extra para invitados, siendo una opci\u00f3n bastante \u00fatil y pr\u00e1ctica.[\/vc_column_text][\/vc_column_inner][\/vc_row_inner][vc_row_inner][vc_column_inner][vc_masonry_media_grid css=\u00bb\u00bb initial_loading_animation=\u00bbnone\u00bb grid_id=\u00bbvc_gid:1775734456005-31080b1f-2b6c-6&#8243; include=\u00bb15870,15869,15868&#8243;][\/vc_column_inner][\/vc_row_inner][\/vc_column][vc_column width=\u00bb1\/6&#8243;][\/vc_column][\/vc_row][vc_row][vc_column][vc_empty_space height=\u00bb50px\u00bb][\/vc_column][\/vc_row][vc_row full_width=\u00bbstretch_row_content\u00bb][vc_column width=\u00bb1\/6&#8243;][\/vc_column][vc_column width=\u00bb2\/3&#8243;][vc_column_text css=\u00bb.vc_custom_1775734058392{padding-right: 50px !important;padding-left: 50px !important;}\u00bb]<\/p>\n<h2 style=\"text-align: center;\"><span style=\"color: #ff9900; font-size: 24pt;\">Sof\u00e1s de piel Pedro Ortiz de dise\u00f1o y alta calidad<\/span><\/h2>\n<p>[\/vc_column_text][vc_column_text css=\u00bb\u00bb]Uno de los puntos diferenciales de la marca son los sof\u00e1s de piel Pedro Ortiz, donde se trabaja con materiales de alta calidad orientados a la durabilidad y al uso intensivo. Estos modelos destacan por:<\/p>\n<ul>\n<li>Tapizados en piel <strong>seleccionada.<\/strong><\/li>\n<li>Mayor <strong>resistencia<\/strong> al uso continuado.<\/li>\n<li>F\u00e1cil <strong>mantenimiento.<\/strong><\/li>\n<li>Est\u00e9tica m\u00e1s <strong>elegante<\/strong> y <strong>atemporal.<\/strong><\/li>\n<\/ul>\n<p>Si quer\u00e9is un sof\u00e1 con un buen dise\u00f1o y que dure el m\u00e1ximo tiempo posible, estos son los mejores dentro de su cat\u00e1logo.[\/vc_column_text][vc_column_text css=\u00bb.vc_custom_1775734290301{padding-right: 50px !important;padding-left: 50px !important;}\u00bb]<\/p>\n<h3 style=\"text-align: center;\"><span style=\"color: #ff9900; font-size: 24pt;\">Tambi\u00e9n disponibles sus sillones y butacas<\/span><\/h3>\n<p>[\/vc_column_text][vc_column_text css=\u00bb\u00bb]Adem\u00e1s de sof\u00e1s, la marca cuenta con sillones y butacas, e incluso cojines, que mantienen la <strong>misma l\u00ednea de dise\u00f1o y calidad<\/strong>. Estas piezas permiten completar el conjunto del sal\u00f3n o crear zonas independientes de descanso.[\/vc_column_text][vc_column_text css=\u00bb.vc_custom_1775734327236{padding-right: 50px !important;padding-left: 50px !important;}\u00bb]<\/p>\n<h2 style=\"text-align: center;\"><span style=\"color: #ff9900; font-size: 24pt;\">Tu tienda con sof\u00e1s de Pedro Ortiz en Zaragoza<\/span><\/h2>\n<p>[\/vc_column_text][vc_column_text css=\u00bb\u00bb]En nuestra tienda puedes <strong>ver<\/strong> distintos modelos del cat\u00e1logo de sof\u00e1s de Pedro Ortiz, <strong>probarlos<\/strong> y <strong>comparar<\/strong> sensaciones reales antes de decidir. Trabajamos diferentes configuraciones y acabados, incluyendo opciones que pueden encajar como outlet seg\u00fan disponibilidad, permiti\u00e9ndote acceder a modelos concretos con condiciones especiales.<\/p>\n<p>Puedes visitarnos sin compromiso alguno y encontrar el modelo que mejor se adapte a tu sal\u00f3n y a tu forma de descanso.[\/vc_column_text][vc_btn title=\u00bbNuestras Tiendas\u00bb style=\u00bbcustom\u00bb custom_background=\u00bb#ffa400&#8243; custom_text=\u00bb#ffffff\u00bb shape=\u00bbsquare\u00bb align=\u00bbcenter\u00bb css_animation=\u00bbnone\u00bb css=\u00bb.vc_custom_1771494664589{padding-right: 20px !important;}\u00bb link=\u00bburl:https%3A%2F%2Fwww.mueblesnebra.com%2Fnuestras-tiendas%2F\u00bb][\/vc_column][vc_column width=\u00bb1\/6&#8243;][\/vc_column][\/vc_row]<\/p>\n<\/div>","protected":false},"excerpt":{"rendered":"<p>[vc_row full_width=\u00bbstretch_row_content\u00bb css_animation=\u00bbnone\u00bb css=\u00bb.vc_custom_1771496601406{margin-bottom: 0px !important;padding-bottom: 0px !important;background-image: url(http:\/\/www.mueblesnebra.com\/sofas-en-zaragoza\/wp-content\/uploads\/sites\/2\/2026\/02\/tienda-de-sofas-cama-de-ibercam.webp?id=15722) !important;background-position: center !important;background-repeat: no-repeat !important;background-size: cover !important;}\u00bb][vc_column][vc_row_inner gap=\u00bb35&#8243; css=\u00bb.vc_custom_1718355471939{padding-right: 5px !important;padding-left: 5px !important;}\u00bb][vc_column_inner width=\u00bb1\/6&#8243;][\/vc_column_inner][vc_column_inner width=\u00bb2\/3&#8243;][vc_column_text css=\u00bb.vc_custom_1775733267143{margin-right: 10px !important;margin-left: 10px !important;}\u00bb] Sof\u00e1s Pedro Ortiz en Zaragoza En Muebles Nebra puedes encontrar una selecci\u00f3n de sof\u00e1s de Pedro Ortiz en Zaragoza, una marca reconocida por su dise\u00f1o, calidad [&hellip;]<\/p>\n","protected":false},"author":395,"featured_media":0,"parent":15656,"menu_order":0,"comment_status":"closed","ping_status":"closed","template":"","meta":{"_genesis_hide_title":false,"_genesis_hide_breadcrumbs":false,"_genesis_hide_singular_image":false,"_genesis_hide_footer_widgets":false,"_genesis_custom_body_class":"","_genesis_custom_post_class":"","_genesis_layout":"","footnotes":""},"class_list":{"0":"post-15858","1":"page","2":"type-page","3":"status-publish","5":"entry"},"_links":{"self":[{"href":"https:\/\/www.mueblesnebra.com\/sofas-en-zaragoza\/wp-json\/wp\/v2\/pages\/15858","targetHints":{"allow":["GET"]}}],"collection":[{"href":"https:\/\/www.mueblesnebra.com\/sofas-en-zaragoza\/wp-json\/wp\/v2\/pages"}],"about":[{"href":"https:\/\/www.mueblesnebra.com\/sofas-en-zaragoza\/wp-json\/wp\/v2\/types\/page"}],"author":[{"embeddable":true,"href":"https:\/\/www.mueblesnebra.com\/sofas-en-zaragoza\/wp-json\/wp\/v2\/users\/395"}],"replies":[{"embeddable":true,"href":"https:\/\/www.mueblesnebra.com\/sofas-en-zaragoza\/wp-json\/wp\/v2\/comments?post=15858"}],"version-history":[{"count":7,"href":"https:\/\/www.mueblesnebra.com\/sofas-en-zaragoza\/wp-json\/wp\/v2\/pages\/15858\/revisions"}],"predecessor-version":[{"id":15871,"href":"https:\/\/www.mueblesnebra.com\/sofas-en-zaragoza\/wp-json\/wp\/v2\/pages\/15858\/revisions\/15871"}],"up":[{"embeddable":true,"href":"https:\/\/www.mueblesnebra.com\/sofas-en-zaragoza\/wp-json\/wp\/v2\/pages\/15656"}],"wp:attachment":[{"href":"https:\/\/www.mueblesnebra.com\/sofas-en-zaragoza\/wp-json\/wp\/v2\/media?parent=15858"}],"curies":[{"name":"wp","href":"https:\/\/api.w.org\/{rel}","templated":true}]}}